et y(p) = -p**2 - 8*p - 18. Calculate y(-3).
-3
Let l(k) = 11*k**2 - 110*k. Calculate l(10).
0
Let n(h) = 10*h + 132. Give n(-14).
-8
Let k(w) = w**2 + 3*w - 90. Calculate k(8).
-2
Let v(q) = q + 4. What is v(-4)?
0
Let j(h) = 5*h**2 + 48*h - 23. What is j(-10)?
-3
Let d(q) = -q**3 + q**2 - 2*q + 7. Calculate d(0).
7
Let o(w) = 2*w - 4. What is o(-2)?
-8
Let b(z) = 3*z + 2. Give b(2).
8
Let a(t) = -5*t - 7. Give a(-3).
8
Let o(s) = -2*s**3 - 3*s**2 + 5*s - 4. Give o(2).
-22
Let l(x) = x**2 - x + 7. Calculate l(-5).
37
Let r(y) = -2*y**3 - 3*y**2 - 4*y. Determine r(-3).
39
Let t(v) = 17*v - 387. Determine t(23).
4
Let w(y) = -y**3 - 11*y**2 - 12*y + 52. Determine w(-9).
-2
Let s(t) = t**3 + 21*t**2 - t - 14. What is s(-21)?
7
Let f(h) = -10*h - 22. What is f(-4)?
18
Let u(t) = t**3 + 10*t**2 + 16*t + 54. What is u(-9)?
-9
Let o(m) = 15*m - 2. What is o(-3)?
-47
Let z(t) = t**2 - 12*t - 19. Determine z(12).
-19
Let x(u) = -2*u**2 + 2*u + 4. Determine x(4).
-20
Let w(i) = -i**3 + 6*i**2 + 5*i - 3. Calculate w(6).
27
Let s(w) = w**2 - 15*w - 14. Determine s(6).
-68
Let q(x) = -x**3 + 14*x**2 - 20*x + 88. Give q(13).
-3
Let i(t) = 4*t - 69. Give i(21).
15
Let h(j) = j**3 + j**2 - 5*j - 2. What is h(-3)?
-5
Let u(m) = m - 14. Calculate u(-11).
-25
Let a(x) = -3*x**2 + 2*x - 16. Determine a(3).
-37
Let s(w) = -3*w + 15. Calculate s(-15).
60
Let w(p) = -p**3 - p + 8. What is w(0)?
8
Let y(i) = -i**2 + 10*i - 13. Determine y(8).
3
Let b(p) = -2*p**2 + 17*p - 31. Calculate b(2).
-5
Let m(j) = -j**2 - 11*j + 18. Determine m(-13).
-8
Let u(w) = w**2 + 7*w + 3. Give u(-6).
-3
Let d(s) = -s**3 + 15*s**2 + s - 8. Calculate d(15).
7
Let o(x) = -7*x + 1. Give o(4).
-27
Let w(z) = -z**3 + 3*z**2 - z + 7. Calculate w(5).
-48
Let v(n) = -4*n - 91. Give v(-25).
9
Let x(s) = -2*s**2 - 38*s + 584. Determine x(-29).
4
Let v(j) = 9*j - 19. What is v(4)?
17
Let b(t) = t**2 + 8*t - 72. Calculate b(-14).
12
Let n(p) = 3*p**2 + 43*p - 34. Calculate n(-15).
-4
Let v(j) = j**2 - 15*j - 55. Determine v(18).
-1
Let f(o) = 9*o - 69. Determine f(9).
12
Let d(o) = -2*o - 13. Give d(-1).
-11
Let o(f) = 16*f**2 - 4*f + 5. What is o(2)?
61
Let n(k) = -2*k - 35. Determine n(-14).
-7
Let r(l) = 2*l + 24. Calculate r(-8).
8
Let y(v) = v - 7. Determine y(10).
3
Let d(s) = s**3 - 29*s**2 - 61*s - 31. Determine d(31).
0
Let i(n) = -3*n**3 - 2*n**2 + 2*n + 1. Determine i(-2).
13
Let k(r) = r**3 + 12*r**2 - 2. Determine k(-12).
-2
Let q(i) = i**3 + 9*i**2 - 2*i - 9. What is q(-9)?
9
Let z(i) = -18*i - 44. What is z(-3)?
10
Let f(j) = -2*j**3 - 31*j**2 - 45*j - 47. Give f(-14).
-5
Let i(h) = h**3 - 5*h**2 + 6*h - 5. Give i(5).
25
Let h(p) = p**3 + 6*p**2 + 8*p + 4. What is h(-4)?
4
Let j(q) = 2*q**3 + 14*q**2 + 18*q + 2. Calculate j(-5).
12
Let n(g) = -17*g**2 + 19*g + 3. Calculate n(-1).
-33
Let k(h) = h**2 - 6*h + 14. What is k(7)?
21
Let z(l) = 64*l + 372. Determine z(-6).
-12
Let t(r) = r**3 + 6*r**2 + 7*r + 13. What is t(-5)?
3
Let k(s) = 6*s - 46. Determine k(8).
2
Let u(t) = 2*t**2 + 2*t - 7. Give u(-2).
-3
Let h(q) = q**2 - 8*q - 4. Determine h(10).
16
Let b(k) = -4*k - 1. Determine b(-2).
7
Let l(x) = -x**3 - 8*x**2 - 5*x + 8. Give l(-7).
-6
Let d(n) = -3*n - 30. Determine d(-10).
0
Let b(w) = -w**2 + 21*w + 3. Give b(21).
3
Let m(a) = -6*a - 2. Calculate m(8).
-50
Let s(h) = 3*h**3 + 22*h**2 + h + 1. Give s(-7).
43
Let z(q) = -q**2 - 46*q - 126. Give z(-43).
3
Let i(o) = 8*o**3 - o + 1. Calculate i(1).
8
Let c(g) = -2*g - 21. Give c(-12).
3
Let c(p) = -26*p - 245. Give c(-11).
41
Let i(g) = -g**2 + 17*g - 22. Calculate i(15).
8
Let v(i) = i + 2. Determine v(5).
7
Let r(s) = s**2 + s + 5. What is r(-4)?
17
Let q(g) = g + 69. Calculate q(0).
69
Let m(q) = -19*q + 6. What is m(-5)?
101
Let u(t) = -t**2 + 3*t + 2. What is u(-1)?
-2
Let m(w) = w**2 - 28*w + 67. What is m(25)?
-8
Let f(t) = -t**2 + 2*t + 3. Give f(5).
-12
Let g(y) = 11*y - 72. Calculate g(9).
27
Let b(k) = -k**3 + 8*k**2 - 9*k + 13. Determine b(9).
-149
Let f(s) = 8*s**2 - 192*s + 7. Give f(24).
7
Let s(q) = q**3 - 19*q**2 + q - 31. Determine s(19).
-12
Let n(v) = -v**3 - 9*v**2 - 9*v + 5. Give n(-2).
-5
Let j(q) = q**3 - 2*q**2 - 6*q + 5. What is j(3)?
-4
Let o(g) = -g**3 - g**2 + 2*g - 5. Determine o(-3).
7
Let q(w) = w**2 - 27*w + 68. Calculate q(3).
-4
Let p(k) = -k**3 + 7*k + 1. Calculate p(-3).
7
Let h(q) = -3*q - 27. Calculate h(-9).
0
Let r(q) = -q**3 + 7*q**2 + 8*q - 9. Determine r(7).
47
Let c(y) = y + 12. Determine c(-5).
7
Let u(k) = -k**2 - 7*k + 76. Calculate u(6).
-2
Let y(a) = a**2 - 25. Determine y(6).
11
Let p(b) = -4*b + 116. Give p(35).
-24
Let o(t) = -6*t - 87. What is o(-15)?
3
Let h(j) = -j**2 + 11*j - 6. Calculate h(5).
24
Let v(u) = 3*u - 4. Calculate v(9).
23
Let x(u) = 2*u + 3. Give x(2).
7
Let v(j) = -j**2 + 8*j + 8. Give v(8).
8
Let l(u) = -u**2 - 5*u - 15. Calculate l(-8).
-39
Let u(o) = 13*o - 162. Give u(12).
-6
Let q(s) = 2*s**3 - 10*s**2 + s - 11. Determine q(5).
-6
Let q(l) = l**3 + 10*l**2 - 13*l - 17. What is q(-11)?
5
Let h(i) = 12*i - 33. What is h(12)?
111
Let q(y) = -y**3 + 11*y**2 + 25*y + 5. What is q(13)?
-8
Let i(l) = 7*l. Give i(-1).
-7
Let k(n) = n**3 + 11*n**2 - 13*n - 6. Give k(-12).
6
Let q(t) = -2*t**3 - 4*t**2 + 4*t - 2. Calculate q(3).
-80
Let x(w) = w - 5. What is x(6)?
1
Let d(x) = -x + 19. Calculate d(10).
9
Let s(z) = 5*z - 3. Calculate s(3).
12
Let i(p) = -p - 1. What is i(-8)?
7
Let p(a) = -a - 8. Give p(3).
-11
Let s(p) = -p**3 + 7*p**2 - 2*p + 12. Calculate s(7).
-2
Let a(d) = d**3 + 9*d**2 + 10*d + 7. What is a(-8)?
-9
Let q(z) = z**3 - 14*z**2 + 2*z + 20. Calculate q(14).
48
Let w(p) = p**3 + 8*p**2 - 3*p - 9. What is w(-8)?
15
Let r(n) = 20*n + 114. Determine r(-6).
-6
Let n(j) = -j**2 + 18*j - 29. What is n(12)?
43
Let j(c) = -17*c + 156. What is j(11)?
-31
Let p(x) = 3*x - 16. Calculate p(7).
5
Let i(a) = a + 23. What is i(-18)?
5
Let b(v) = -v**3 + 5*v**2 + 10*v - 15. Determine b(6).
9
Let c(z) = z**3 + 4*z**2 - 3*z - 2. Determine c(-5).
-12
Let t(i) = i**3 - 11*i**2 + 26*i + 8. What is t(7)?
-6
Let s(g) = 2*g + 3. Determine s(2).
7
Let w(f) = -3*f**3 - f - 3. Determine w(-2).
23
Let s(a) = -a**3 + 14*a**2 + a - 19. Determine s(14).
-5
Let k(w) = 3*w + 29. Give k(-12).
-7
Let l(o) = o**2 - 1. Determine l(1).
0
Let z(y) = y**2 - 40*y - 72. Calculate z(42).
12
Let k(a) = a**3 - 6*a**2 + 6*a + 3. Determine k(5).
8
Let v(r) = r**3 - 29*r**2 + 32*r - 64. Determine v(28).
48
Let g(n) = n**3 + 12*n**2 - 13*n + 6. What is g(-13)?
6
Let s(o) = -o**3 + 17*o**2 - 26*o + 48. What is s(15)?
108
Let i(h) = -50*h + 24. Give i(-1).
74
Let z(o) = -110*o**3 + 2*o**2 - 1. Calculate z(-1).
111
Let z(a) = 2*a**2 - 38*a + 3. Give z(19).
3
Let l(g) = -60*g + 842. Give l(14).
2
Let n(y) = -y**2 - 6*y + 6. Determine n(-7).
-1
Let a(d) = d**2 + 9*d + 1. Calculate a(-7).
-13
Let d(o) = 2*o**2 - 25*o + 18. Give d(12).
6
Let h(k) = k**3 - 46*k**2 + 42*k + 102. Give h(45).
-33
Let c(j) = -2*j**3 + 6*j**2 + 8*j + 2. What is c(4)?
2
Let w(x) = 31*x - 49. Calculate w(2).
13
Let o(v) = v**3 - 7*v**2 - v + 4. Give o(6).
-38
Let l(g) = g**2 - 8*g. What is l(4)?
-16
Let x(b) = 10*b + 15. Calculate x(-2).
-5
Let y(p) = 2*p - 8. Calculate y(-9).
-26
Let i(x) = -x**3 - 8*x**2 - 8*x + 17. Give i(-5).
-18
Let c(o) = -o**3 + 20*o**2 - o + 12. Calculate c(20).
-8
Let d(l) = l**3 - 14*l**2 + 50*l - 17. Determine d(5).
8
Let n(t) = -3*t**2 - 12*t - 2. What is n(-4)?
-2
Let o(q) = q**3 + 22*q**2 + 25*q + 25. Give o(-21).
-59
Let j(l) = -3*l**3 - 3*l**2 - 12*l - 10. Give j(-1).
2
Let g(s) = s**3 - 6*s**2 + 4*s - 14. Give g(6).
10
Let w(x) = -7*x - 2. What is w(8)?
-58
Let q(b) = 25*b - 67. Determine q(3).
8
Let l(d) = 5*d**3 - 5*d**2 + 2*d + 1. What is l(2)?
25
Let t(h) = 2*h**2 + 86*h - 86. Determine t(-44).
2
Let t(v) = v**2 + 11*v + 3. Determine t(-10).
-7
Let n(b) = b**2 + 14*b + 7. Determine n(-15).
22
Let d(x) = -x**3 - 13*x**2 - 2*x - 1. Calculate d(-12).
-121
Let l(h) = h**3 - 8*h**2 - 3*h - 30. Calculate l(9).
24
Let b(d) = -d**2 - d - 6. Calculate b(8).
-78
Let o(n) = -n**3 - 7*n**2 - 5*n - 2. Determine o(-6).
-8
Let j(u) = 5*u**3 - 3*u**2 + 1. Determine j(-1).
-7
Let p(r) = -2*r + 38. What is p(11)?
16
Let z(x) = 5*x - 22. Calculate z(-8).
-62
Let a(q) = -2*q**2 - 25*q - 50. Calculate 